 = -1623*j**2 + 340840*j - 2105. Give k(210).
-5
Let v(i) = -4*i**2 - 1024*i + 9310. Give v(9).
-230
Let i(p) = 24*p - 828. Calculate i(38).
84
Let k(h) = -5*h**2 - 303*h + 300. Give k(-58).
1054
Let c(o) = -5*o**2 - 1965*o - 3902. Give c(-391).
8
Let j(a) = a**3 - 12*a**2 - 256*a - 581. Calculate j(24).
187
Let f(m) = -m**3 - 254*m**2 + 149514*m - 3204. Give f(-534).
0
Let z(s) = -488*s + 53732. Give z(110).
52
Let h(v) = -v**3 + 10*v**2 + 518*v - 5180. Determine h(10).
0
Let u(l) = 2*l**3 - 332*l**2 + 329*l - 193. Give u(165).
-358
Let c(v) = -v**3 + 32*v**2 + 48*v - 1334. Determine c(34).
-2014
Let b(y) = -551*y + 176. Calculate b(-3).
1829
Let q(z) = -67*z**2 + 332*z + 322. Determine q(10).
-3058
Let j(a) = -4*a**3 - 886*a**2 - 44230*a + 146. Calculate j(-76).
-6
Let b(d) = 3*d**3 - 1418*d**2 - 502*d + 13716. Give b(473).
-1
Let t(c) = 65530*c - 261118. Give t(4).
1002
Let i(k) = 271164*k + 1626991. Determine i(-6).
7
Let p(k) = 73*k + 3720. Give p(-54).
-222
Let v(b) = -13*b**3 + 6*b**2 + 10*b - 45. Give v(5).
-1470
Let h(p) = 19*p**3 + 1367*p**2 - 66*p + 423. Calculate h(-72).
-9
Let y(w) = -43*w**2 - 28856*w - 2323. Calculate y(-671).
-310
Let l(f) = -641*f**3 + 54*f**2 - 60*f + 4. What is l(1)?
-643
Let g(j) = -2*j**3 + 19*j**2 - 51*j - 28. What is g(10)?
-638
Let k(m) = -m**2 + 100*m + 58087. Determine k(297).
-422
Let x(l) = 17937*l + 17959. Give x(-1).
22
Let x(g) = -g**2 + 8963*g + 595901. What is x(-66)?
-13
Let x(g) = -5*g**2 - 360*g + 58. Calculate x(-73).
-307
Let w(d) = -d**3 + 17*d**2 + 27*d - 269. What is w(18)?
-107
Let n(x) = -13541*x - 379146. What is n(-28)?
2
Let g(x) = -4005*x + 11978. Calculate g(3).
-37
Let g(u) = -u**2 + 23864*u + 71585. Determine g(-3).
-16
Let b(l) = l**3 - 46*l**2 - 507*l + 134. What is b(55)?
-526
Let w(m) = -4*m**2 - 761*m + 17726. What is w(21)?
-19
Let u(x) = -10822*x + 421922. Calculate u(39).
-136
Let s(d) = 60*d**2 - 3705*d + 146. Determine s(61).
-2599
Let o(d) = 2893315*d + 26039825. Determine o(-9).
-10
Let l(y) = 4*y**3 - 22*y**2 + 204*y - 1956. Give l(8).
316
Let m(l) = 2*l**2 + 602*l + 38674. Give m(-93).
-14
Let p(y) = -y**3 + 37*y**2 + 370*y - 569. What is p(45)?
-119
Let x(i) = 2*i**2 + 573*i - 148. What is x(-293)?
3661
Let m(f) = -4*f**2 - 18*f + 62148. Calculate m(-127).
-82
Let o(l) = 19*l**2 - 42*l + 103. Give o(3).
148
Let a(o) = 812370*o - 10560822. What is a(13)?
-12
Let j(k) = -3820*k + 84091. Determine j(22).
51
Let s(c) = -c**3 - 55*c**2 - 10*c + 110. Give s(-55).
660
Let t(v) = 65534*v + 4456346. What is t(-68)?
34
Let m(a) = 28355*a + 85269. Determine m(-3).
204
Let v(i) = 3192*i + 3253. What is v(-1)?
61
Let q(k) = -1206*k - 481123. What is q(-399)?
71
Let k(v) = v**3 + 72*v**2 - 1942*v + 1014. What is k(-93)?
-9
Let u(j) = 15*j**2 - 4651*j + 4949. Give u(309).
5
Let b(u) = u**3 + 243*u**2 - 489*u + 3659. Give b(-245).
3414
Let q(f) = 34554*f - 138209. Give q(4).
7
Let o(w) = -161*w - 29. Calculate o(-1).
132
Let f(k) = 1213*k**2 + 8358*k + 9. Give f(-7).
940
Let o(k) = 270*k**2 - 6217*k + 154. Calculate o(23).
-7
Let t(p) = -62*p + 6258. Calculate t(130).
-1802
Let l(s) = -87*s**2 + 6*s - 231. Give l(0).
-231
Let q(m) = m**3 - 52*m**2 - 415*m + 423. Calculate q(59).
305
Let v(g) = -4*g - 550. Give v(-78).
-238
Let i(b) = 437*b + 54277. Determine i(-124).
89
Let l(s) = 670*s - 125. Determine l(-1).
-795
Let y(i) = i**3 - 26*i**2 - 786*i + 13. What is y(0)?
13
Let k(q) = 78*q - 34. What is k(-6)?
-502
Let q(s) = -12691*s - 240869. What is q(-19)?
260
Let p(j) = -24*j**3 + 262*j**2 - 262*j + 3111. Calculate p(11).
-13
Let y(l) = 15*l**2 - 1836*l - 1345. Determine y(123).
-238
Let z(h) = -218473*h - 5243344. What is z(-24)?
8
Let m(b) = 40*b + 12895. Calculate m(-323).
-25
Let z(a) = -3*a**2 + 1293*a - 39406. Determine z(398).
-4
Let b(x) = x**3 - 29*x**2 - 13*x + 1475. Calculate b(28).
327
Let d(c) = 8*c**3 + 46*c**2 - 1467*c - 8734. Calculate d(-6).
-4
Let v(j) = -49*j**2 + 1674*j + 234. What is v(35)?
-1201
Let u(d) = -17*d**2 - 85*d - 725. Determine u(0).
-725
Let y(h) = -146517*h - 4688533. Calculate y(-32).
11
Let x(f) = -13*f**2 + 9342*f + 12950. Determine x(720).
-10
Let y(l) = 3*l**2 - 141*l + 1353. Calculate y(34).
27
Let w(x) = x**3 + 12*x**2 - 1009*x + 3789. Give w(4).
9
Let v(i) = -i**2 + 286*i + 4202. Determine v(-14).
2
Let b(u) = u**2 + 32374*u + 194329. Calculate b(-6).
121
Let m(u) = -21914*u + 197063. What is m(9)?
-163
Let y(d) = 3572*d**3 + 17859*d**2 - 17*d - 51. Calculate y(-5).
9
Let t(v) = 304598*v - 1522974. Give t(5).
16
Let c(j) = -5*j**3 - 68*j**2 - 281*j - 321. Calculate c(-6).
-3
Let t(c) = -107*c - 8545. Calculate t(-79).
-92
Let m(y) = -53*y**3 + 12033*y**2 - 455*y + 240. Calculate m(227).
13
Let y(x) = 7*x**2 - 26*x - 102. Give y(2).
-126
Let i(z) = -1115*z - 15752. Give i(-14).
-142
Let t(z) = -z**3 + 50*z**2 + 464*z - 157. Give t(58).
-157
Let j(c) = -909*c + 249981. Calculate j(275).
6
Let y(c) = 185*c - 2108. Determine y(10).
-258
Let r(y) = -y**3 + 38*y**2 + 111*y - 4173. Calculate r(41).
-4665
Let z(q) = 2635*q + 1991938. Determine z(-756).
-122
Let h(j) = -j**2 + 140*j - 3758. Calculate h(102).
118
Let x(o) = -o**3 - 32*o**2 - 136*o + 208. Give x(-23).
-1425
Let k(a) = 25*a**3 - 2604*a**2 + 421*a - 68. Calculate k(104).
452
Let k(x) = 2*x**3 - 168*x**2 + 3233*x - 1249. Determine k(29).
-2
Let o(q) = 3*q**2 - 222*q + 1083. Calculate o(5).
48
Let i(q) = 2877*q**2 - 327985*q + 786. Give i(114).
-12
Let o(m) = m**3 - 75*m**2 - 1244*m - 281. Give o(89).
-103
Let g(k) = 23*k**2 - 3197*k + 6397. Calculate g(2).
95
Let c(h) = h**3 + 180*h**2 + 369*h + 2063. Give c(-178).
-251
Let f(b) = 2*b**3 + 3*b**2 + 477*b + 2779. Calculate f(-6).
-407
Let f(u) = u**2 + 69*u + 839. Give f(-20).
-141
Let f(a) = -a**3 + 334*a**2 + 2844*a - 36888. Determine f(342).
48
Let w(a) = -6385*a - 31995. Give w(-5).
-70
Let f(x) = 237*x + 3239. Calculate f(-17).
-790
Let l(b) = 2*b**3 - 38*b**2 - 204*b + 461. Give l(23).
1
Let i(u) = -181*u + 847. Give i(6).
-239
Let m(q) = -62*q**2 + 698*q - 982. What is m(13)?
-2386
Let n(b) = b**2 + 6352*b + 101639. Give n(-16).
263
Let w(i) = -13704*i - 109583. Determine w(-8).
49
Let k(l) = -1244*l + 46573. What is k(38)?
-699
Let a(m) = 3*m**2 - 87*m + 592. Calculate a(18).
-2
Let m(r) = r**2 - 225329*r + 6. Determine m(0).
6
Let k(b) = -b**2 + 3922*b - 93565. Determine k(24).
-13
Let w(n) = -n**2 - 1152*n - 8019. Give w(-7).
-4
Let m(v) = -108392*v + 2818196. Calculate m(26).
4
Let u(s) = 5970*s - 2949176. Calculate u(494).
4
Let u(s) = 119*s**2 + 1129*s - 14. Determine u(-9).
-536
Let y(s) = 3*s**2 - 65*s + 493. Determine y(19).
341
Let a(o) = 162*o**2 - 468*o - 48. Calculate a(3).
6
Let l(c) = -6840*c + 34194. Give l(5).
-6
Let i(l) = 7*l**3 - 1694*l**2 - 12*l + 2904. Give i(242).
0
Let b(q) = -96*q**2 + 19105*q - 211. Calculate b(199).
-12
Let o(v) = -2164*v + 12862. What is o(6)?
-122
Let h(d) = d**3 - d**2 - 6*d - 34. Calculate h(13).
1916
Let x(v) = 47*v**2 - 537*v - 38. What is x(12)?
286
Let x(g) = -6*g**2 + 92*g + 4890. Calculate x(-22).
-38
Let g(n) = -5525*n - 210068. Give g(-38).
-118
Let n(g) = 3653*g + 116363. What is n(-32)?
-533
Let k(o) = -o**3 + 45*o**2 - 213*o + 2036. Give k(42).
-1618
Let z(d) = -17654*d - 17656. What is z(-1)?
-2
Let g(y) = 2*y**3 + 14*y**2 - 84*y - 275. Determine g(-10).
-35
Let p(m) = 40*m**3 - 13*m**2 + 47*m - 9. Determine p(2).
353
Let z(v) = v**2 - 137*v + 155. Give z(-13).
2105
Let i(b) = 1491*b - 15230. Calculate i(11).
1171
Let s(p) = -12*p**2 - 431*p - 2876. Determine s(-9).
31
Let d(v) = -v**3 + 27*v**2 - 20*v - 76. Calculate d(10).
1424
Let x(s) = -2410*s**2 + 24097*s + 28. Calculate x(10).
-2
Let g(m) = 4204*m + 100078. Calculate g(-24).
-818
Let i(n) = n**3 + 20*n**2 + 113*n + 97. What is i(-12)?
-107
Let n(w) = -3*w**2 - 133*w + 509. Give n(-44).
553
Let o(s) = -410*s + 68051. Determine o(166).
-9
Let p(c) = -128*c + 510. Give p(5).
-130
Let i(o) = 5675*o + 7110775. Give i(-1253).
0
Let o(h) = 3*h**3 - 45*h**2 - 446*h - 112. Determine o(22).
240
Let c(q) = 483837*q - 5322215. What is c(11)?
-8
Let k(i) = -i**3 + 141*i**2 + 275*i + 1541. Determine k(143).
-32
Let b(d) = -10523*d - 52807. Determine b(-5).
-192
Let j(u) = -702*u**2 + 2639*u - 8. Determine j(4).
-684
Le